[INFO] cloning repository https://github.com/alexkeizer/mc-big-brother
[INFO] running `Command { std: "git" "-c" "credential.helper=" "-c" "credential.helper=/workspace/cargo-home/bin/git-credential-null" "clone" "--bare" "https://github.com/alexkeizer/mc-big-brother" "/workspace/cache/git-repos/https%3A%2F%2Fgithub.com%2Falexkeizer%2Fmc-big-brother", kill_on_drop: false }`
[INFO] [stderr] Cloning into bare repository '/workspace/cache/git-repos/https%3A%2F%2Fgithub.com%2Falexkeizer%2Fmc-big-brother'...
[INFO] running `Command { std: "git" "rev-parse" "HEAD", kill_on_drop: false }`
[INFO] [stdout] 4d7455279732b43ad8cfb69b4f0567b1387dc510
[INFO] checking alexkeizer/mc-big-brother against master#9610dfe5a9a731ced1ea4923ecbd0c57fe367898 for beta-170-4
[INFO] running `Command { std: "git" "clone" "/workspace/cache/git-repos/https%3A%2F%2Fgithub.com%2Falexkeizer%2Fmc-big-brother" "/workspace/builds/worker-4-tc1/source", kill_on_drop: false }`
[INFO] [stderr] Cloning into '/workspace/builds/worker-4-tc1/source'...
[INFO] [stderr] done.
[INFO] validating manifest of git repo https://github.com/alexkeizer/mc-big-brother on toolchain 9610dfe5a9a731ced1ea4923ecbd0c57fe367898
[INFO] running `Command { std: CARGO_HOME="/workspace/cargo-home" RUSTUP_HOME="/workspace/rustup-home" "/workspace/cargo-home/bin/cargo" "+9610dfe5a9a731ced1ea4923ecbd0c57fe367898" "metadata" "--manifest-path" "Cargo.toml" "--no-deps", kill_on_drop: false }`
[INFO] started tweaking git repo https://github.com/alexkeizer/mc-big-brother
[INFO] finished tweaking git repo https://github.com/alexkeizer/mc-big-brother
[INFO] tweaked toml for git repo https://github.com/alexkeizer/mc-big-brother written to /workspace/builds/worker-4-tc1/source/Cargo.toml
[INFO] crate git repo https://github.com/alexkeizer/mc-big-brother already has a lockfile, it will not be regenerated
[INFO] running `Command { std: CARGO_HOME="/workspace/cargo-home" RUSTUP_HOME="/workspace/rustup-home" "/workspace/cargo-home/bin/cargo" "+9610dfe5a9a731ced1ea4923ecbd0c57fe367898" "fetch" "--manifest-path" "Cargo.toml", kill_on_drop: false }`
[INFO] running `Command { std: "docker" "create" "-v" "/var/lib/crater-agent-workspace/builds/worker-4-tc1/target:/opt/rustwide/target:rw,Z" "-v" "/var/lib/crater-agent-workspace/builds/worker-4-tc1/source:/opt/rustwide/workdir:ro,Z" "-v" "/var/lib/crater-agent-workspace/cargo-home:/opt/rustwide/cargo-home:ro,Z" "-v" "/var/lib/crater-agent-workspace/rustup-home:/opt/rustwide/rustup-home:ro,Z" "-e" "SOURCE_DIR=/opt/rustwide/workdir" "-e" "CARGO_TARGET_DIR=/opt/rustwide/target" "-e" "CARGO_HOME=/opt/rustwide/cargo-home" "-e" "RUSTUP_HOME=/opt/rustwide/rustup-home" "-w" "/opt/rustwide/workdir" "-m" "1610612736" "--user" "0:0" "--network" "none" "ghcr.io/rust-lang/crates-build-env/linux@sha256:19e73879b68f455e41552ea35293514db52ea292d993f571636dbffedb77a1ee" "/opt/rustwide/cargo-home/bin/cargo" "+9610dfe5a9a731ced1ea4923ecbd0c57fe367898" "metadata" "--no-deps" "--format-version=1", kill_on_drop: false }`
[INFO] [stdout] a76a1481cfe164dc546f206dbeca439f6ae86eb6d7d63a165f54981fbf9641d5
[INFO] running `Command { std: "docker" "start" "-a" "a76a1481cfe164dc546f206dbeca439f6ae86eb6d7d63a165f54981fbf9641d5", kill_on_drop: false }`
[INFO] running `Command { std: "docker" "inspect" "a76a1481cfe164dc546f206dbeca439f6ae86eb6d7d63a165f54981fbf9641d5", kill_on_drop: false }`
[INFO] running `Command { std: "docker" "rm" "-f" "a76a1481cfe164dc546f206dbeca439f6ae86eb6d7d63a165f54981fbf9641d5", kill_on_drop: false }`
[INFO] [stdout] a76a1481cfe164dc546f206dbeca439f6ae86eb6d7d63a165f54981fbf9641d5
[INFO] running `Command { std: "docker" "create" "-v" "/var/lib/crater-agent-workspace/builds/worker-4-tc1/target:/opt/rustwide/target:rw,Z" "-v" "/var/lib/crater-agent-workspace/builds/worker-4-tc1/source:/opt/rustwide/workdir:ro,Z" "-v" "/var/lib/crater-agent-workspace/cargo-home:/opt/rustwide/cargo-home:ro,Z" "-v" "/var/lib/crater-agent-workspace/rustup-home:/opt/rustwide/rustup-home:ro,Z" "-e" "SOURCE_DIR=/opt/rustwide/workdir" "-e" "CARGO_TARGET_DIR=/opt/rustwide/target" "-e" "CARGO_INCREMENTAL=0" "-e" "RUST_BACKTRACE=full" "-e" "RUSTFLAGS=--cap-lints=forbid" "-e" "RUSTDOCFLAGS=--cap-lints=forbid" "-e" "CARGO_HOME=/opt/rustwide/cargo-home" "-e" "RUSTUP_HOME=/opt/rustwide/rustup-home" "-w" "/opt/rustwide/workdir" "-m" "1610612736" "--user" "0:0" "--network" "none" "ghcr.io/rust-lang/crates-build-env/linux@sha256:19e73879b68f455e41552ea35293514db52ea292d993f571636dbffedb77a1ee" "/opt/rustwide/cargo-home/bin/cargo" "+9610dfe5a9a731ced1ea4923ecbd0c57fe367898" "check" "--frozen" "--all" "--all-targets" "--message-format=json", kill_on_drop: false }`
[INFO] [stdout] 56bb39008946f28e28075cede31a2ce41244a04af5a504a8bef9ce4f8f02e8d1
[INFO] running `Command { std: "docker" "start" "-a" "56bb39008946f28e28075cede31a2ce41244a04af5a504a8bef9ce4f8f02e8d1", kill_on_drop: false }`
[INFO] [stderr]    Compiling libc v0.2.126
[INFO] [stderr]    Compiling proc-macro2 v1.0.39
[INFO] [stderr]    Compiling unicode-ident v1.0.0
[INFO] [stderr]    Compiling syn v1.0.95
[INFO] [stderr]    Compiling cc v1.0.78
[INFO] [stderr]    Compiling version_check v0.9.4
[INFO] [stderr]    Compiling cfg-if v1.0.0
[INFO] [stderr]    Compiling futures-core v0.3.25
[INFO] [stderr]    Compiling memchr v2.5.0
[INFO] [stderr]    Compiling typenum v1.16.0
[INFO] [stderr]    Compiling serde_derive v1.0.137
[INFO] [stderr]    Compiling once_cell v1.12.0
[INFO] [stderr]    Compiling serde v1.0.137
[INFO] [stderr]    Compiling lock_api v0.4.7
[INFO] [stderr]    Compiling num-traits v0.2.15
[INFO] [stderr]     Checking smallvec v1.8.0
[INFO] [stderr]    Compiling slab v0.4.7
[INFO] [stderr]    Compiling futures-task v0.3.25
[INFO] [stderr]    Compiling rustls v0.20.7
[INFO] [stderr]    Compiling log v0.4.17
[INFO] [stderr]    Compiling parking_lot_core v0.8.6
[INFO] [stderr]    Compiling untrusted v0.7.1
[INFO] [stderr]    Compiling spin v0.5.2
[INFO] [stderr]    Compiling generic-array v0.14.6
[INFO] [stderr]    Compiling ahash v0.7.6
[INFO] [stderr]    Compiling parking_lot_core v0.9.3
[INFO] [stderr]    Compiling crossbeam-utils v0.8.14
[INFO] [stderr]    Compiling futures-util v0.3.25
[INFO] [stderr]    Compiling pin-project-lite v0.2.9
[INFO] [stderr]    Compiling tinyvec_macros v0.1.0
[INFO] [stderr]    Compiling vcpkg v0.2.15
[INFO] [stderr]    Compiling scopeguard v1.1.0
[INFO] [stderr]    Compiling pkg-config v0.3.26
[INFO] [stderr]    Compiling tinyvec v1.6.0
[INFO] [stderr]    Compiling bytes v1.1.0
[INFO] [stderr]    Compiling quote v1.0.18
[INFO] [stderr]    Compiling futures-channel v0.3.25
[INFO] [stderr]    Compiling num_cpus v1.13.1
[INFO] [stderr]    Compiling mio v0.8.3
[INFO] [stderr]     Checking parking_lot v0.12.1
[INFO] [stderr]    Compiling socket2 v0.4.4
[INFO] [stderr]    Compiling crossbeam-queue v0.3.8
[INFO] [stderr]    Compiling futures-sink v0.3.25
[INFO] [stderr]    Compiling getrandom v0.2.8
[INFO] [stderr]    Compiling instant v0.1.12
[INFO] [stderr]    Compiling indexmap v1.8.2
[INFO] [stderr]    Compiling unicode-bidi v0.3.8
[INFO] [stderr]    Compiling ring v0.16.20
[INFO] [stderr]    Compiling paste v1.0.11
[INFO] [stderr]    Compiling tokio v1.18.2
[INFO] [stderr]    Compiling unicode-normalization v0.1.22
[INFO] [stderr]    Compiling libsqlite3-sys v0.24.2
[INFO] [stderr]    Compiling percent-encoding v2.2.0
[INFO] [stderr]    Compiling either v1.8.0
[INFO] [stderr]    Compiling minimal-lexical v0.2.1
[INFO] [stderr]    Compiling pin-utils v0.1.0
[INFO] [stderr]    Compiling parking_lot v0.11.2
[INFO] [stderr]    Compiling itertools v0.10.5
[INFO] [stderr]    Compiling form_urlencoded v1.1.0
[INFO] [stderr]    Compiling crypto-common v0.1.6
[INFO] [stderr]    Compiling block-buffer v0.10.3
[INFO] [stderr]    Compiling nom v7.1.1
[INFO] [stderr]    Compiling idna v0.3.0
[INFO] [stderr]    Compiling digest v0.10.6
[INFO] [stderr]    Compiling hashbrown v0.12.3
[INFO] [stderr]    Compiling spin v0.9.4
[INFO] [stderr]    Compiling num-integer v0.1.45
[INFO] [stderr]    Compiling hashbrown v0.11.2
[INFO] [stderr]    Compiling cpufeatures v0.2.5
[INFO] [stderr]    Compiling unicode_categories v0.1.1
[INFO] [stderr]    Compiling crc-catalog v2.1.0
[INFO] [stderr]     Checking itoa v1.0.2
[INFO] [stderr]    Compiling base64 v0.13.1
[INFO] [stderr]    Compiling hashlink v0.8.1
[INFO] [stderr]    Compiling crc v3.0.0
[INFO] [stderr]    Compiling url v2.3.1
[INFO] [stderr]    Compiling rustls-pemfile v1.0.1
[INFO] [stderr]    Compiling atoi v1.0.0
[INFO] [stderr]    Compiling sha2 v0.10.6
[INFO] [stderr]    Compiling stringprep v0.1.2
[INFO] [stderr]    Compiling futures-intrusive v0.4.2
[INFO] [stderr]    Compiling serde_json v1.0.81
[INFO] [stderr]    Compiling sqlformat v0.2.0
[INFO] [stderr]    Compiling byteorder v1.4.3
[INFO] [stderr]    Compiling unicode-segmentation v1.10.0
[INFO] [stderr]     Checking ryu v1.0.10
[INFO] [stderr]    Compiling anyhow v1.0.68
[INFO] [stderr]    Compiling event-listener v2.5.3
[INFO] [stderr]    Compiling futures-executor v0.3.25
[INFO] [stderr]     Checking traitobject v0.1.0
[INFO] [stderr]    Compiling hex v0.4.3
[INFO] [stderr]    Compiling dotenvy v0.15.6
[INFO] [stderr]    Compiling bitflags v1.3.2
[INFO] [stderr]     Checking linked-hash-map v0.5.4
[INFO] [stderr]     Checking unsafe-any v0.4.2
[INFO] [stderr]    Compiling heck v0.4.0
[INFO] [stderr]     Checking yaml-rust v0.4.5
[INFO] [stderr]     Checking webpki v0.22.0
[INFO] [stderr]     Checking sct v0.7.0
[INFO] [stderr]     Checking ordered-float v2.10.0
[INFO] [stderr]     Checking time v0.1.43
[INFO] [stderr]     Checking webpki-roots v0.22.6
[INFO] [stderr]     Checking typemap v0.3.3
[INFO] [stderr]     Checking thread-id v4.0.0
[INFO] [stderr]     Checking fnv v1.0.7
[INFO] [stderr]     Checking chrono v0.4.19
[INFO] [stderr]     Checking arc-swap v1.5.0
[INFO] [stderr]     Checking log-mdc v0.1.0
[INFO] [stderr]     Checking humantime v2.1.0
[INFO] [stderr]     Checking bytemuck v1.12.3
[INFO] [stderr]    Compiling tokio-stream v0.1.11
[INFO] [stderr]    Compiling pin-project-internal v1.0.12
[INFO] [stderr]    Compiling thiserror-impl v1.0.31
[INFO] [stderr]    Compiling tokio-macros v1.7.0
[INFO] [stderr]    Compiling derivative v2.2.0
[INFO] [stderr]    Compiling pin-project v1.0.12
[INFO] [stderr]    Compiling flume v0.10.14
[INFO] [stderr]    Compiling tokio-rustls v0.23.4
[INFO] [stderr]     Checking thiserror v1.0.31
[INFO] [stderr]    Compiling sqlx-rt v0.6.2
[INFO] [stderr]    Compiling sqlx-core v0.6.2
[INFO] [stderr]     Checking serde_yaml v0.8.24
[INFO] [stderr]     Checking serde-value v0.7.0
[INFO] [stderr]     Checking log4rs v1.1.1
[INFO] [stderr]    Compiling sqlx-macros v0.6.2
[INFO] [stderr]     Checking sqlx v0.6.2
[INFO] [stderr]     Checking mc-chunk-locating-server v0.1.0 (/opt/rustwide/workdir)
[INFO] [stdout] error: error returned from database: (code: 14) unable to open database file
[INFO] [stdout]   --> src/db/computer.rs:18:19
[INFO] [stdout]    |
[INFO] [stdout] 18 |           let row = sqlx::query!(
[INFO] [stdout]    |  ___________________^
[INFO] [stdout] 19 | |             "
[INFO] [stdout] 20 | | INSERT INTO computers (version, world, dimension, pos_x, pos_z)
[INFO] [stdout] 21 | | VALUES (?, ?, ?, ?, ?)
[INFO] [stdout] ...  |
[INFO] [stdout] 30 | |             data.pos_z,
[INFO] [stdout] 31 | |             )
[INFO] [stdout]    | |_____________^
[INFO] [stdout]    |
[INFO] [stdout]    = note: this error originates in the macro `$crate::sqlx_macros::expand_query` which comes from the expansion of the macro `sqlx::query` (in Nightly builds, run with -Z macro-backtrace for more info)
[INFO] [stdout] 
[INFO] [stdout] 
[INFO] [stdout] error: error returned from database: (code: 14) unable to open database file
[INFO] [stdout]   --> src/db/computer.rs:50:9
[INFO] [stdout]    |
[INFO] [stdout] 50 | /         sqlx::query!(
[INFO] [stdout] 51 | |             "
[INFO] [stdout] 52 | | INSERT INTO ping (computer, time_hi, time_lo)
[INFO] [stdout] 53 | |     VALUES (?, ?, ?)
[INFO] [stdout] ...  |
[INFO] [stdout] 57 | |             time_lo,
[INFO] [stdout] 58 | |             )
[INFO] [stdout]    | |_____________^
[INFO] [stdout]    |
[INFO] [stdout]    = note: this error originates in the macro `$crate::sqlx_macros::expand_query` which comes from the expansion of the macro `sqlx::query` (in Nightly builds, run with -Z macro-backtrace for more info)
[INFO] [stdout] 
[INFO] [stdout] 
[INFO] [stdout] error: error returned from database: (code: 14) unable to open database file
[INFO] [stdout]   --> src/db/computer.rs:18:19
[INFO] [stdout]    |
[INFO] [stdout] 18 |           let row = sqlx::query!(
[INFO] [stdout]    |  ___________________^
[INFO] [stdout] 19 | |             "
[INFO] [stdout] 20 | | INSERT INTO computers (version, world, dimension, pos_x, pos_z)
[INFO] [stdout] 21 | | VALUES (?, ?, ?, ?, ?)
[INFO] [stdout] ...  |
[INFO] [stdout] 30 | |             data.pos_z,
[INFO] [stdout] 31 | |             )
[INFO] [stdout]    | |_____________^
[INFO] [stdout]    |
[INFO] [stdout]    = note: this error originates in the macro `$crate::sqlx_macros::expand_query` which comes from the expansion of the macro `sqlx::query` (in Nightly builds, run with -Z macro-backtrace for more info)
[INFO] [stdout] 
[INFO] [stdout] 
[INFO] [stdout] error: error returned from database: (code: 14) unable to open database file
[INFO] [stdout]   --> src/db/computer.rs:50:9
[INFO] [stdout]    |
[INFO] [stdout] 50 | /         sqlx::query!(
[INFO] [stdout] 51 | |             "
[INFO] [stdout] 52 | | INSERT INTO ping (computer, time_hi, time_lo)
[INFO] [stdout] 53 | |     VALUES (?, ?, ?)
[INFO] [stdout] ...  |
[INFO] [stdout] 57 | |             time_lo,
[INFO] [stdout] 58 | |             )
[INFO] [stdout]    | |_____________^
[INFO] [stdout]    |
[INFO] [stdout]    = note: this error originates in the macro `$crate::sqlx_macros::expand_query` which comes from the expansion of the macro `sqlx::query` (in Nightly builds, run with -Z macro-backtrace for more info)
[INFO] [stdout] 
[INFO] [stdout] 
[INFO] [stdout] error[E0433]: failed to resolve: use of undeclared type `EvalResponse`
[INFO] [stdout]    --> src/server/run_tcp.rs:172:24
[INFO] [stdout]     |
[INFO] [stdout] 172 |             let  res = EvalResponse::from(resmsg);
[INFO] [stdout]     |                        ^^^^^^^^^^^^ use of undeclared type `EvalResponse`
[INFO] [stdout]     |
[INFO] [stdout] help: consider importing this struct
[INFO] [stdout]     |
[INFO] [stdout] 1   + use crate::response::EvalResponse;
[INFO] [stdout]     |
[INFO] [stdout] 
[INFO] [stdout] 
[INFO] [stdout] error[E0433]: failed to resolve: use of undeclared type `Response`
[INFO] [stdout]    --> src/server/run_tcp.rs:174:13
[INFO] [stdout]     |
[INFO] [stdout] 174 |             Response::Eval(res).send_over(&mut socket).await;
[INFO] [stdout]     |             ^^^^^^^^ use of undeclared type `Response`
[INFO] [stdout]     |
[INFO] [stdout] help: consider importing one of these items
[INFO] [stdout]     |
[INFO] [stdout] 1   + use crate::response::Response;
[INFO] [stdout]     |
[INFO] [stdout] 1   + use log4rs::filter::Response;
[INFO] [stdout]     |
[INFO] [stdout] 
[INFO] [stdout] 
[INFO] [stdout] error[E0433]: failed to resolve: use of undeclared type `EvalResponse`
[INFO] [stdout]    --> src/server/run_tcp.rs:172:24
[INFO] [stdout]     |
[INFO] [stdout] 172 |             let  res = EvalResponse::from(resmsg);
[INFO] [stdout]     |                        ^^^^^^^^^^^^ use of undeclared type `EvalResponse`
[INFO] [stdout]     |
[INFO] [stdout] help: consider importing this struct
[INFO] [stdout]     |
[INFO] [stdout] 1   + use crate::response::EvalResponse;
[INFO] [stdout]     |
[INFO] [stdout] 
[INFO] [stdout] 
[INFO] [stdout] error[E0433]: failed to resolve: use of undeclared type `Response`
[INFO] [stdout]    --> src/server/run_tcp.rs:174:13
[INFO] [stdout]     |
[INFO] [stdout] 174 |             Response::Eval(res).send_over(&mut socket).await;
[INFO] [stdout]     |             ^^^^^^^^ use of undeclared type `Response`
[INFO] [stdout]     |
[INFO] [stdout] help: consider importing one of these items
[INFO] [stdout]     |
[INFO] [stdout] 1   + use crate::response::Response;
[INFO] [stdout]     |
[INFO] [stdout] 1   + use log4rs::filter::Response;
[INFO] [stdout]     |
[INFO] [stdout] 
[INFO] [stdout] 
[INFO] [stdout] error: aborting due to 4 previous errors
[INFO] [stdout] 
[INFO] [stdout] 
[INFO] [stdout] error: aborting due to 4 previous errors
[INFO] [stdout] 
[INFO] [stdout] 
[INFO] [stdout] For more information about this error, try `rustc --explain E0433`.
[INFO] [stdout] 
[INFO] [stdout] For more information about this error, try `rustc --explain E0433`.
[INFO] [stdout] 
[INFO] [stderr] error: could not compile `mc-chunk-locating-server` (bin "mc-chunk-locating-server" test) due to 5 previous errors
[INFO] [stderr] warning: build failed, waiting for other jobs to finish...
[INFO] [stderr] error: could not compile `mc-chunk-locating-server` (bin "mc-chunk-locating-server") due to 5 previous errors
[INFO] running `Command { std: "docker" "inspect" "56bb39008946f28e28075cede31a2ce41244a04af5a504a8bef9ce4f8f02e8d1", kill_on_drop: false }`
[INFO] running `Command { std: "docker" "rm" "-f" "56bb39008946f28e28075cede31a2ce41244a04af5a504a8bef9ce4f8f02e8d1", kill_on_drop: false }`
[INFO] [stdout] 56bb39008946f28e28075cede31a2ce41244a04af5a504a8bef9ce4f8f02e8d1
